
Let p(a) = -1617*a - 19397. Give p(-12).
7
Let d(r) = 8*r**2 + 8284*r + 57642. Calculate d(-7).
46
Let w(y) = 757*y + 11814. Give w(-16).
-298
Let d(a) = a**2 - 16231*a - 863054. What is d(-53)?
-2
Let v(z) = -3*z**2 - 735*z - 18906. What is v(-29)?
-114
Let v(c) = -55*c**3 + 102*c**2 + 325*c - 648. What is v(2)?
-30
Let f(w) = 137*w**3 + 44*w**2 - 8*w + 6. Calculate f(1).
179
Let b(x) = -4*x**2 + 4125*x - 36762. What is b(9)?
39
Let n(o) = -172*o**2 + 43*o + 25. Calculate n(0).
25
Let g(l) = -2*l**2 - 2014*l - 215950. What is g(-122)?
-10
Let j(p) = 28*p**2 - 361*p - 1065. Determine j(-3).
270
Let m(p) = -13611*p - 272013. What is m(-20)?
207
Let z(d) = -109*d**3 - 1767*d**2 - 385*d - 5. Determine z(-16).
267
Let g(l) = -l**3 - 35*l**2 + 46*l + 3124. Calculate g(-31).
-2146
Let t(s) = 217661*s - 1088291. Give t(5).
14
Let n(u) = 59*u + 2528. Determine n(-65).
-1307
Let q(b) = 29701*b + 16929567. Give q(-570).
-3
Let f(k) = -1588*k - 61908. What is f(-39)?
24
Let t(w) = 32*w**3 - 3519*w**2 - 256*w + 16097. What is t(110)?
37
Let a(o) = -2*o**2 + 154*o - 121. Calculate a(0).
-121
Let m(u) = 3*u**2 - 123*u - 7650. Calculate m(-34).
0
Let o(t) = 26222*t - 681764. Determine o(26).
8
Let p(w) = -4510*w - 67217. What is p(-15)?
433
Let o(d) = 5*d**3 - 509*d**2 - 104*d + 15. Calculate o(102).
-189
Let w(v) = -73832*v + 516056. Calculate w(7).
-768
Let f(w) = 139788*w - 838718. Calculate f(6).
10
Let t(b) = 2*b**3 - 12*b**2 + 28*b + 34. Give t(5).
124
Let q(m) = -2*m**2 + 2059*m - 175872. Calculate q(94).
2
Let r(d) = -491187*d - 3438322. What is r(-7)?
-13
Let f(u) = -14*u**2 - 52*u + 815. What is f(6)?
-1
Let a(o) = 52*o - 3158. Determine a(66).
274
Let u(x) = 3*x**2 + 3559*x - 43323. What is u(12)?
-183
Let x(t) = t**3 + 26*t**2 - 17*t + 722. Give x(-28).
-370
Let y(g) = -g**2 - 492*g - 52590. Give y(-156).
-174
Let t(z) = z**3 - 21*z**2 - 824*z - 75. Determine t(-20).
5
Let m(c) = -c**2 - 533*c + 9372. Give m(17).
22
Let m(n) = -156*n**3 + 3*n**2 + 896*n + 895. Determine m(-1).
158
Let i(t) = 2*t**2 - 471*t + 5578. Determine i(223).
3
Let c(q) = -64*q**3 - 4*q**2 + 686*q - 1368. Calculate c(2).
-524
Let v(u) = 3293*u - 226992. Give v(69).
225
Let f(t) = -102*t**2 + 665*t + 74. What is f(8)?
-1134
Let p(v) = 3*v**3 + 16*v**2 + 4*v - 14. What is p(-5)?
-9
Let m(a) = 5*a**2 + 46*a - 7345. Determine m(34).
-1
Let y(x) = -2*x**2 + 171*x - 1752. Determine y(73).
73
Let h(a) = -232*a + 27613. Determine h(119).
5
Let c(r) = 2559*r - 282. Calculate c(2).
4836
Let y(p) = -10*p**2 + 7673*p - 30710. What is y(4)?
-178
Let h(t) = 2*t**2 - 1820*t - 222067. What is h(-109)?
75
Let r(x) = 4*x**3 - 26*x**2 - 870*x + 5970. What is r(7)?
-22
Let l(g) = 951*g + 316397. Calculate l(-331).
1616
Let r(s) = s**3 - 16*s**2 + 2239*s - 40903. Determine r(18).
47
Let y(a) = a**3 + 20*a**2 - 21*a + 83. Give y(-21).
83
Let x(k) = 596*k - 9415. Give x(15).
-475
Let r(s) = -226*s**2 + 36158*s + 200. Determine r(160).
-120
Let n(d) = -42717*d + 1794114. Determine n(42).
0
Let w(p) = 7*p**2 + 336*p + 3710. Give w(-29).
-147
Let o(n) = 11127*n - 242358. Determine o(22).
2436
Let g(b) = -34*b**2 - 305*b + 1682. Determine g(-13).
-99
Let g(h) = -2*h**3 + 10*h**2 + 129*h - 150. What is g(13)?
-1177
Let z(k) = k**3 - 10*k**2 + 312*k - 1537. Give z(5).
-102
Let x(z) = 15*z**2 + 191*z + 560. Determine x(-3).
122
Let f(r) = -r**3 - 76*r**2 + 7660*r + 74364. Calculate f(-9).
-3
Let f(u) = u**2 + 419*u + 39883. Calculate f(-138).
1105
Let k(r) = 5*r**2 - 44*r - 5251. What is k(-27)?
-418
Let r(m) = m**2 - 135*m + 4425. What is r(83)?
109
Let w(n) = 279328*n + 8100533. What is w(-29)?
21
Let l(f) = -f**2 - 3605*f - 46920. Calculate l(-13).
-224
Let z(r) = -2*r**2 + 31*r + 4306. Give z(53).
331
Let z(u) = u**2 + 109*u + 2007. What is z(-29)?
-313
Let f(a) = 51*a**2 - 2347*a + 63. Give f(46).
17
Let r(i) = -i**3 + 15*i**2 - 139*i + 1787. What is r(14)?
37
Let h(g) = -79*g + 10006. Give h(99).
2185
Let c(o) = -3*o**3 + 362*o**2 - 920*o + 97. Calculate c(118).
2929
Let n(r) = r**2 - 60*r + 254. Determine n(57).
83
Let n(a) = -37362*a - 3026320. Determine n(-81).
2
Let w(d) = 476*d + 7978. What is w(-16)?
362
Let x(k) = -k**3 - 50*k**2 + 100*k + 2510. Determine x(-51).
11
Let f(o) = -3006*o**2 + 36083*o - 59. Give f(12).
73
Let f(a) = -a**3 - 24*a**2 - 182*a - 4747. Calculate f(-24).
-379
Let s(d) = 1698*d - 5086. What is s(6)?
5102
Let d(q) = q**3 + 108*q**2 + 2282*q - 1060. Give d(-79).
-349
Let c(a) = -a**3 - 50*a**2 + 536*a - 2. Give c(9).
43
Let i(c) = -2*c**3 + 8*c**2 + 2018*c - 10033. Determine i(5).
7
Let r(i) = 3*i**3 + 237*i**2 - 249*i - 507. Calculate r(-80).
213
Let h(c) = -29*c**2 - 78*c - 212. Calculate h(-7).
-1087
Let i(a) = a**2 + 112*a + 945. What is i(-10)?
-75
Let i(c) = -3322*c**2 - 926837*c + 265. Give i(-279).
-14
Let b(g) = 2*g**2 + 591*g + 7321. What is b(-13)?
-24
Let m(d) = 235*d + 930. What is m(6)?
2340
Let g(o) = -4065*o**2 + 113807*o + 141. Give g(28).
-223
Let g(n) = 3657*n**2 + 18327*n + 280. Give g(-5).
70
Let n(z) = -z**3 + 29*z**2 - 210*z + 5077. Determine n(28).
-19
Let w(g) = -g**3 - 205*g**2 + 11247*g + 129. Give w(45).
-6
Let k(v) = -6*v**2 - 54*v + 8823. Calculate k(34).
51
Let n(z) = 62803*z - 17208027. Give n(274).
-5
Let h(a) = -6*a**3 + 157*a**2 - 27*a + 65. Give h(26).
39
Let w(u) = -65*u**3 - u**2 - 1079*u - 1080. What is w(-1)?
63
Let u(b) = -b**2 - 3456*b + 492268. Determine u(137).
27
Let j(o) = -4018*o + 2657. Determine j(1).
-1361
Let f(b) = -19*b**3 + 644*b**2 + 36*b + 453. Calculate f(34).
-635
Let i(r) = -3*r**2 - 59*r - 254. What is i(-13)?
6
Let d(s) = -2290*s - 20614. Determine d(-9).
-4
Let o(w) = -w**3 - 55*w**2 - 296*w - 2263. What is o(-50)?
37
Let z(t) = 4*t**3 - 16*t**2 + 422*t - 2209. Calculate z(5).
1
Let w(i) = -4*i**3 + 540*i**2 + 23*i - 3104. What is w(135)?
1
Let a(b) = -486*b - 95811. Determine a(-200).
1389
Let y(q) = q**3 + 112*q**2 + 2697*q - 101. Determine y(-35).
-171
Let l(s) = -s**3 + 15*s**2 - 8*s - 63. Give l(13).
171
Let k(h) = -31186*h + 1777567. Calculate k(57).
-35
Let j(s) = -s**2 - 70*s + 44754. Give j(170).
3954
Let q(z) = z**3 + 25*z**2 - 1774*z - 48105. Determine q(-29).
-23
Let v(o) = 6989*o - 3662235. Give v(524).
1
Let r(y) = 119*y**2 + 52*y + 51. Determine r(-1).
118
Let v(d) = -26*d**2 + 16*d + 48. Give v(7).
-1114
Let u(n) = 875*n - 5327. What is u(6)?
-77
Let d(i) = -i**2 - 10366*i + 1855390. Calculate d(176).
-2
Let n(y) = -5*y**3 - y**2 + 2448*y - 7209. Calculate n(3).
-9
Let u(x) = -64*x - 154. Calculate u(-5).
166
Let t(q) = 167*q**2 - 37911*q + 453. What is t(227)?
-1
Let r(w) = 5*w**3 + 52*w**2 - 350*w - 1359. Calculate r(-14).
13
Let v(l) = l**3 - 35*l**2 + 269*l - 22. Calculate v(12).
-106
Let z(j) = -6675*j + 4452251. Calculate z(667).
26
Let x(m) = 504*m - 119131. Give x(237).
317
Let i(j) = -301*j**2 + 4693*j + 4694. What is i(-1)?
-300
Let j(m) = -3*m**3 - 13*m**2 - 26*m + 2. Determine j(-3).
44
Let g(m) = 5819*m + 337431. What is g(-58)?
-71
Let k(x) = -108*x**2 + 77931*x + 32489. Determine k(722).
-1
Let w(t) = 2*t**3 - 20*t**2 + 1837*t - 22716. Determine w(12).
-96
Let g(d) = -472*d - 119049. Determine g(-252).
-105
Let j(t) = 974*t - 241549. Determine j(248).
3
Let x(o) = -22503*o + 607582. Determine x(27).
1
Let c(g) = -61116*g - 7089439. What is c(-116)?
17
Let r(v) = v**3 - 726*v**2 - 30639*v - 813. Calculate r(766).
-47
Let u(w) = w**3 - 423*w**2 - 15537*w - 483. Give u(457).
-26
Let r(o) = -913*o - 277617. Give r(-304).
-65
Let f(m) = 116*m**2 - 70879*m + 1821. What is f(611)?
-12
Let g(n) = 11*n**2 - 6363*n + 12704. Give g(2).
22
Let o(v) = -7*v**2 + 245*v - 1499. Calculate o(8).
13
Let w(x) = -35*x**2 - 7047*x + 14096. Determine w(2).
-138
Let f(j) = 4*j**3 + 7*j**2 - 4332*j + 35509. What is f(9)?
4
Let h(p) = p**3 - 18*p**2 - 31*p - 64. Determine h(20).
116
Let z(r) = 44*r**2 - 2637*r - 34. Calculate z(60).
146
Let r(t) = 21*t**3 + 22*t**2 - 11*t - 34. Calculate r(-3).
-370
Let s(r) = r**3 + 704*r**2 + 2919*r + 492. Calculate s(-4).
16
Let d(c) = 597*c - 8431. Determine d(14).
-73
Let w(c) = -9095*c**2 - 72721*c + 317. Determine w(-8).
5
Let h(y) = 33*y**2 - 265*y + 210. What is h(10)?
860
Let c(h) = -14055*h + 435724. Give c(31).
19
Let i(b) = -b**3 - 43*b**2 - 490*b - 20